97 prime?
True
Is 8302261 a composite number?
True
Is 50907709 composite?
False
Is 10113709 a composite number?
False
Is 69020023 a prime number?
False
Is 3507298 composite?
True
Is 451213753 a composite number?
False
Is 2241163 composite?
False
Is 1681875187 composite?
False
Is 381659 prime?
True
Is 236131757 prime?
True
Is 3095429 a prime number?
True
Is 245383 composite?
False
Is 34665661 a composite number?
False
Is 3211174 a composite number?
True
Is 15174329 prime?
False
Is 4416131 a composite number?
False
Is 7584107 a prime number?
True
Is 15048983 a prime number?
True
Is 71678011 a composite number?
False
Is 62655773 a prime number?
False
Is 2585939 composite?
True
Is 119655757 a composite number?
True
Is 80783123 composite?
True
Is 322630831 a composite number?
False
Is 75422833 a prime number?
True
Is 327181213 prime?
False
Is 7068541 composite?
True
Is 7222931 a prime number?
True
Is 78994613 composite?
False
Is 9370873 prime?
True
Is 301426357 a prime number?
False
Is 427013 prime?
True
Is 1690423 a prime number?
False
Is 1130891 a prime number?
False
Is 235921 composite?
True
Is 1565393 a prime number?
False
Is 11532817 composite?
True
Is 1917361 a composite number?
True
Is 740801 a composite number?
False
Is 166988849 a composite number?
True
Is 19060391 a prime number?
False
Is 1194601 composite?
False
Is 13168601 composite?
True
Is 32955191 composite?
False
Is 102840461 a composite number?
False
Is 792677 composite?
True
Is 63764039 a composite number?
True
Is 2246011 a prime number?
False
Is 59962909 a composite number?
True
Is 73601279 a composite number?
True
Is 5280161 prime?
True
Is 187283581 a prime number?
True
Is 4269379 a prime number?
True
Is 22481 composite?
False
Is 68466457 a prime number?
True
Is 6334235 composite?
True
Is 1239031 composite?
True
Is 33133 a composite number?
True
Is 711397 a prime number?
True
Is 34777317 a prime number?
False
Is 15058171 prime?
False
Is 117571169 prime?
True
Is 67620767 prime?
False
Is 77568409 prime?
False
Is 11205071 prime?
False
Is 70814911 prime?
False
Is 184549153 prime?
True
Is 845250059 composite?
False
Is 513049 prime?
False
Is 6921637 a prime number?
True
Is 6292523 composite?
True
Is 892019 a prime number?
True
Is 15954473 a prime number?
False
Is 18754147 composite?
False
Is 238420501 a composite number?
True
Is 7643969 a prime number?
True
Is 68151455 composite?
True
Is 29674261 a prime number?
True
Is 27551621 prime?
False
Is 3968047 composite?
False
Is 26471329 a prime number?
False
Is 5915717 prime?
True
Is 138406067 composite?
True
Is 236155957 a prime number?
False
Is 240149401 a composite number?
False
Is 125171341 a prime number?
True
Is 9526857 a composite number?
True
Is 10858333 prime?
True
Is 67547437 a composite number?
False
Is 111091 composite?
False
Is 20626037 a composite number?
False
Is 3661019 composite?
False
Is 13912582 a prime number?
False
Is 66222653 a composite number?
True
Is 202836847 a prime number?
False
Is 264062621 composite?
False
Is 9316379 composite?
False
Is 114295217 prime?
True
Is 565487 a prime number?
False
Is 716731 composite?
False
Is 3580747 a prime number?
True
Is 43177 composite?
False
Is 152712311 prime?
True
Is 53127293 a composite number?
True
Is 4965047 a prime number?
True
Is 51913903 a composite number?
True
Is 87492281 a prime number?
True
Is 10133 a composite number?
False
Is 37479517 a composite number?
False
Is 1093889 prime?
True
Is 31401953 composite?
True
Is 894552095 composite?
True
Is 56688241 composite?
False
Is 7022527 a prime number?
False
Is 3836627 composite?
True
Is 3231461 a composite number?
True
Is 583966283 a composite number?
True
Is 11812513 a prime number?
True
Is 10005209 a prime number?
True
Is 32601433 prime?
False
Is 12664591 a composite number?
True
Is 10814497 a prime number?
True
Is 48150353 a prime number?
False
Is 29803793 a composite number?
True
Is 22855387 prime?
True
Is 83924647 composite?
False
Is 36414967 prime?
True
Is 745957 a composite number?
True
Is 38255729 a prime number?
False
Is 141932821 prime?
True
Is 871753 a prime number?
False
Is 122921 a composite number?
False
Is 2201273 prime?
True
Is 77681 a prime number?
True
Is 290524393 a composite number?
False
Is 6196961 composite?
False
Is 136315789 composite?
False
Is 24366413 a prime number?
True
Is 4031683 prime?
False
Is 32321213 a composite number?
False
Is 19433009 prime?
True
Is 1454513 prime?
True
Is 6199843 composite?
True
Is 11921633 a prime number?
True
Is 11975653 prime?
True
Is 133847 composite?
True
Is 30451081 a prime number?
False
Is 683051 a composite number?
True
Is 1877597 composite?
True
Is 62310641 a composite number?
True
Is 3959149 composite?
True
Is 12789503 composite?
False
Is 101149199 a composite number?
True
Is 71851123 composite?
True
Is 41893703 a prime number?
True
Is 30064693 a composite number?
True
Is 1719817 a composite number?
True
Is 11180131 a prime number?
True
Is 6985361 a prime number?
True
Is 5147965 composite?
True
Is 2263357 a composite number?
False
Is 829399 composite?
False
Is 11219969 composite?
True
Is 758731783 composite?
False
Is 78639419 a prime number?
True
Is 7645187 prime?
False
Is 54200381 a composite number?
True
Is 1834193 composite?
False
Is 8840327 prime?
False
Is 914623 composite?
True
Is 338877962 a composite number?
True
Is 2211281 a prime number?
True
Is 178090383 a prime number?
False
Is 13038757 a prime number?
True
Is 34231321 prime?
False
Is 7092821 prime?
False
Is 751361921 composite?
False
Is 3912017 composite?
False
Is 57819367 a prime number?
True
Is 6184441 a composite number?
False
Is 5483243 composite?
False
Is 768069767 a composite number?
False
Is 871531 prime?
True
Is 239693 prime?
False
Is 73121 prime?
True
Is 19472377 a prime number?
False
Is 6722473 prime?
True
Is 152500291 prime?
True
Is 231418199 a composite number?
False
Is 34570267 prime?
True
Is 71436793 a composite number?
True
Is 6282229 composite?
False
Is 866857 a composite number?
False
Is 64861039 composite?
False
Is 7491395 composite?
True
Is 382763 prime?
True
Is 103313311 composite?
False
Is 72727723 prime?
True
Is 24545551 a composite number?
True
Is 2229889 prime?
True
Is 488571971 composite?
False
Is 2180797 a composite number?
False
Is 60685486 a composite number?
True
Is 13826641 a composite number?
True
Is 102761 a prime number?
True
Is 929927 composite?
True
Is 766039 prime?
True
Is 7281451 a composite number?
False
Is 36397667 a prime number?
True
Is 75765983 a prime number?
True
Is 1754089 composite?
True
Is 873497 a prime number?
True
Is 36006499 a prime number?
True
Is 5289197 prime?
True
Is 209119223 prime?
True
Is 7614773 a composite number?
False
Is 852729817 prime?
True
Is 10498277 a composite number?
False
Is 80032021 a composite number?
False
Is 286331659 prime?
False
Is 237449957 prime?
True
Is 17249717 a prime number?
False
Is 13329313 prime?
True
Is 5783677 prime?
True
Is 11874055 prime?
False
Is 72903319 a prime number?
True
Is 3989641 prime?
True
Is 1318421947 a composite number?
False
Is 47821687 a composite number?
True
Is 1660889 prime?
True
Is 11850991 prime?
True
Is 823953089 composite?
True
Is 437969341 a prime number?
False
Is 65169977 composite?
True
Is 7594817 a prime number?
False
Is 8935441 composite?
True
Is 2366095 a prime number?
False
Is 5250769 a prime number?
False
Is 6358471 composite?
True
Is 105863939 a prime number?
False
Is 140864401 a prime number?
True
Is 86625733 a prime number?
True
Is 343237339 a composite number?
False
Is 10194707 prime?
True
Is 23228617 a composite number?
True
Is 25583509 a prime number?
False
Is 54974989 a prime number?
True
Is 6540851 prime?
False
Is 8570959 a composite number?
True
Is 3473947 prime?
True
Is 418926147 prime?
False
Is 517907 prime?
False
Is 3666689 a prime number?
False
Is 8090657 a composite number?
True
Is 199247821 a composite number?
False
Is 1406887 a composite number?
True
Is 36400939 a prime number?
False
Is 228185539 prime?
False
Is 140867707 prime?
True
Is 11004545 a prime number?
False
Is 1389139 composite?
False
Is 10722827 a prime number?
True
Is 78918787 a prime number?
True
Is 99367459 composite?
True
Is 865801 composite?
False
Is 183278 prime?
False
Is 53686579 a composite num